{"id":172,"date":"2019-12-14T09:16:44","date_gmt":"2019-12-14T09:16:44","guid":{"rendered":"http:\/\/zufluchtfamilie.at\/?page_id=172"},"modified":"2019-12-14T10:26:25","modified_gmt":"2019-12-14T10:26:25","slug":"zufluchtfamilie-leitbild","status":"publish","type":"page","link":"https:\/\/zufluchtfamilie.at\/index.php\/zufluchtfamilie-leitbild\/","title":{"rendered":"zuflucht:familie Leitbild"},"content":{"rendered":"<p><em><strong>Wir sind eine Gruppe von Familien, die unabh\u00e4ngig voneinander, das Wagnis eingegangen sind, einen oder mehrere gefl\u00fcchtete, unbegleitete junge Menschen aufzunehmen und in den eigenen Familienverband zu integrieren.<\/strong><\/em><\/p>\n<p>Gemeinsam haben wir einen Erfahrungsschatz von mehreren Jahrzehnten angesammelt.<\/p>\n<p><strong>Unsere Erfahrungen sind:<\/strong><\/p>\n<ul>\n<li>dass sich unsere Sch\u00fctzlinge zun\u00e4chst sehr einsam und heimatlos gef\u00fchlt haben und wir ihnen ein St\u00fcck Heimat geben konnten<\/li>\n<li>dass es am besten gelingt, die \u00f6sterreichische Kultur zu verstehen, die Sprache zu lernen und sich zu integrieren, wenn man zusammenlebt und den Alltag miteinander teilt<\/li>\n<li>dass der Einstieg in das \u00f6sterreichische Schul- und Ausbildungssystem viel Unterst\u00fctzung braucht und wir als Familien diese Unterst\u00fctzung optimal leisten k\u00f6nnen<\/li>\n<li>dass damit viel M\u00fche im Alltag verbunden ist, diese aber f\u00fcr unsere Sch\u00fctzlinge von essentieller Bedeutung ist: F\u00fcr viele entscheidet sich gerade durch unseren Beitrag, dass ein Leben gelingt &#8211; mit erfolgreicher Ausbildung, erfolgreichem Berufseinstieg und sozialer Integration<\/li>\n<\/ul>\n<p><strong>Aufgrund unserer Erfahrungen sind wir \u00fcberzeugt<\/strong><\/p>\n<ul>\n<li>dass die Integration von gefl\u00fcchteten Kindern, Jugendlichen und jungen Erwachsenen am besten im Familienverband erfolgt<\/li>\n<li>dass es viele Familien in \u00d6sterreich gibt, die das Interesse, den Mut und die F\u00e4higkeiten h\u00e4tten, diesen Erfolgsbeispielen zu folgen<\/li>\n<\/ul>\n<p><strong>Deshalb wollen wir einen Beitrag dazu leisten<\/strong><\/p>\n<ul>\n<li>dass wesentlich mehr Familien in \u00d6sterreich unserem Beispiel folgen und gefl\u00fcchtete Menschen in ihren Familienverband integrieren.<\/li>\n<\/ul>\n<p><strong>Wir tun dies, indem wir<\/strong><\/p>\n<ul>\n<li>\u00fcber unsere Erfahrungen in der \u00d6ffentlichkeit berichten<\/li>\n<li>\u00fcber Medienkampagnen weitere Familien ermutigen, unserem Beispiel zu folgen und Beh\u00f6rden, Gesetzgeber und NGOs einladen, Rahmenbedingungen zu schaffen, die dies erleichtern<\/li>\n<li>Gleichgesinnte suchen, sodass diese Initiative wachsen kann und zu einer Bewegung wird<\/li>\n<\/ul>\n<p>Wir stehen keiner politischen Partei oder politischen Str\u00f6mung nahe.<\/p>\n<p>Wir setzen uns f\u00fcr die Integration beider Gruppen von Schutzsuchenden gleichermassen ein &#8211; der Asylwerber und derjenigen, die bleiben d\u00fcrfen. Wir sehen dies als positiven Beitrag zum sozialen Frieden in \u00d6sterreich.<\/p>\n<p>Zu tagespolitischen Fragen der Asylpolitik nehmen wir als Gruppe bewusst nicht Stellung. Einzelnen Mitgliedern ist es nat\u00fcrlich unbenommen, dies in ihrem eigenen Namen zu tun.<\/p>\n<p>Wir sind in \u00d6sterreich lebende Menschen, die stolz sind auf die umfangreichen Leistungen der \u00f6sterreichischen Zivilgesellschaft und davon \u00fcberzeugt sind, selbst auch zu einem positiven und tolerantem Klima beitragen zu k\u00f6nnen.<\/p>\n","protected":false},"excerpt":{"rendered":"<p>Wir sind eine Gruppe von Familien, die unabh\u00e4ngig voneinander, das Wagnis eingegangen sind, einen oder mehrere gefl\u00fcchtete, unbegleitete junge Menschen aufzunehmen und in den eigenen Familienverband zu integrieren. Gemeinsam haben wir einen Erfahrungsschatz von mehreren Jahrzehnten angesammelt. Unsere Erfahrungen sind: dass sich unsere Sch\u00fctzlinge zun\u00e4chst sehr einsam und heimatlos gef\u00fchlt haben und wir ihnen ein &hellip; <\/p>\n<p class=\"link-more\"><a href=\"https:\/\/zufluchtfamilie.at\/index.php\/zufluchtfamilie-leitbild\/\" class=\"more-link\"><span class=\"screen-reader-text\">\u201ezuflucht:familie Leitbild\u201c <\/span>weiterlesen<\/a><\/p>\n","protected":false},"author":1,"featured_media":0,"parent":0,"menu_order":0,"comment_status":"closed","ping_status":"closed","template":"","meta":{"footnotes":""},"class_list":["post-172","page","type-page","status-publish","hentry"],"translation":{"provider":"WPGlobus","version":"3.0.2","language":"de","enabled_languages":["de","en"],"languages":{"de":{"title":true,"content":true,"excerpt":false},"en":{"title":false,"content":false,"excerpt":false}}},"_links":{"self":[{"href":"https:\/\/zufluchtfamilie.at\/index.php\/wp-json\/wp\/v2\/pages\/172","targetHints":{"allow":["GET"]}}],"collection":[{"href":"https:\/\/zufluchtfamilie.at\/index.php\/wp-json\/wp\/v2\/pages"}],"about":[{"href":"https:\/\/zufluchtfamilie.at\/index.php\/wp-json\/wp\/v2\/types\/page"}],"author":[{"embeddable":true,"href":"https:\/\/zufluchtfamilie.at\/index.php\/wp-json\/wp\/v2\/users\/1"}],"replies":[{"embeddable":true,"href":"https:\/\/zufluchtfamilie.at\/index.php\/wp-json\/wp\/v2\/comments?post=172"}],"version-history":[{"count":1,"href":"https:\/\/zufluchtfamilie.at\/index.php\/wp-json\/wp\/v2\/pages\/172\/revisions"}],"predecessor-version":[{"id":173,"href":"https:\/\/zufluchtfamilie.at\/index.php\/wp-json\/wp\/v2\/pages\/172\/revisions\/173"}],"wp:attachment":[{"href":"https:\/\/zufluchtfamilie.at\/index.php\/wp-json\/wp\/v2\/media?parent=172"}],"curies":[{"name":"wp","href":"https:\/\/api.w.org\/{rel}","templated":true}]}}